4).
-43
-2242 - -2234 - (15 - (-1 + 1))
-23
7 - (-101 - -130 - (64 + -2))
40
What is 82 - -2 - (18 + 2 + 4 + -16)?
76
0 + -42 + -46 + 161 + -119
-46
What is the value of (53 - (30 - -19)) + -8?
-4
Evaluate -4 - (28 - (57 + -24) - -32).
-31
Calculate (1 + -34 + 20 - -11 - 28) + 4.
-26
What is the value of -45 + (-50 - -51) + 117?
73
Evaluate 42 + -36 - (-51 + (-4 - -14) + 10 + -2).
39
Evaluate 11 + (119 - (210 + -3)).
-77
Evaluate (25 - (11 + 11)) + (3 - 7) + 2.
1
Evaluate (-18 - (20 - 136)) + (3 - 22) - (10 - -1).
68
What is 21 - 7 - 16 - -11?
9
What is 2 + 36 + (59 - 349) + 167?
-85
What is 151 + -43 + 30 + (-25 - (-16 + 10))?
119
12 - ((-5 - -1 - (8 + -85)) + -11 - -2)
-52
Calculate 0 + (-3 - -34) + 1 + -19 + 23.
36
Evaluate (-41 - -32) + -32 + 11 + -2.
-32
919 + -857 + (10 - (3 + -5)) - 14
60
What is the value of 9 + -17 - (1 - 5 - (-34 + 10))?
-28
Evaluate 8 + -49 + 28 - (-11 - 1).
-1
What is the value of (0 - 6) + 42 + -36 + -3 - (-73 + 1)?
69
Evaluate 14 + (-10 - 4) + (35 + -7 - (0 - 1)).
29
98 - (-25 - (15 + -23 - 41))
74
What is -75 + (123 - 53) + (-45 - 1)?
-51
Evaluate -4 + 1 + (-2 - 1) + -45 + 18 + 11.
-22
2 + (7 - (2 + -1 + (13 - 12)))
7
What is the value of (-102 - -95) + 3 + (45 - (-6 - (-2 + -6)))?
39
Evaluate 18 - (-137 + 6) - 139.
10
31 - (-3 + -49 - (-69 - -50))
64
What is 5175 - 5147 - (18 - -1)?
9
What is the value of -18 + 30 - (-716 + 849)?
-121
Evaluate -42 + (-38 - 10 - -24).
-66
What is the value of 46 - ((-12 - (-27 + -6)) + -11)?
36
Evaluate (-96 - -68) + 153 - 64.
61
Calculate 50 - (48 - -13) - 14.
-25
Calculate -3 + 0 + -4 + (-32 - (14 + -50)).
-3
What is the value of 2 - (0 + -79 + -552 + 521)?
112
Evaluate (38 - -6) + -709 + 760.
95
What is -30 + 68 + (8 - 59)?
-13
Calculate -5 - 76 - -62 - (8 + 25).
-52
What is the value of -2 + (-2 - 13) + 13 + -5 + -7?
-16
What is the value of 0 + (-2 - (45 + 2)) - (25 + (-20 - 3))?
-51
Calculate -7 + ((24 - 43) + -3 - 3) + 12.
-20
(9 - -71) + (-943 - -837)
-26
Evaluate (-9 - (4 - (4 - -9) - (-6 - 0))) + -1.
-7
Calculate -14 + -2 + 5 - (-2148 - -2177).
-40
Calculate (117 - (17 + (-32 - -11))) + -9 - -13.
125
What is the value of (-607 - -576) + 52 + -2 + 1 + 64?
84
Evaluate -199 - (86 + -216) - -79.
10
Calculate 11 - (-1 - -66) - (-5 - 8).
-41
(-36 - (-2 - (-1 + -1))) + -128 + 125 - 7
-46
Evaluate -27 + 12 - -4 - ((5 - -5) + -84 - -11).
52
What is 7 - (12 - (-23 + 7) - -14) - -10?
-25
What is the value of (-8 - 1) + -5 + 3 + 8 + 57 + -2?
52
What is the value of 140 + -53 + (-46 - 14)?
27
What is (-39 - 5 - 0) + 31 + (0 - 17)?
-30
What is 26 + -8 + -6 - (13 - (5 + 1 + -7))?
-2
(3 - 45) + 6 + -3 + -12 + 5
-46
Calculate -11 + -3 + 3 + (18 - 2) + (29 - 11).
23
41 + -5 + 3 + (1331 - 1298)
72
Calculate 5 + (-41 - -6 - -6).
-24
What is -23 + 3 + 3 + 24 + 8 + -29?
-14
Calculate 4 + 0 - (-4 + -9 + -4 - (859 - 897)).
-17
Evaluate -51 - (-34 + (50 - 22)).
-45
4 - (15 - (33 - 65))
-43
Evaluate (-4 + -13 - -3) + 6 + 61 + -5.
48
Evaluate -51 + (44 - 17) + -11 + -13.
-48
What is the value of -67 + 34 + (-5 - 5) + -36?
-79
Evaluate 7 - (-47 - (-4 - (-2 + 3 + -7 + 7))).
49
Evaluate (16 - 129 - (31 - (20 + 2))) + 6.
-116
Calculate 30 + 1 - (165 + -16 - 74).
-44
Evaluate (59 - 36) + 172 + -264.
-69
Evaluate 63 - (-163 + 161 - (-4 - 1 - (1 + -1))).
60
4 + 41 + -23 + -5 + -35 + (-2 - -4)
-16
What is the value of -13 - (-41 - (10 + -34 + 22))?
26
-20 - -39 - 32 - (52 - (-2 + 6))
-61
Calculate (-43 - (6 - -7)) + 54.
-2
Evaluate -49 - (-4 + 6) - (752 - 756).
-47
3 - (-202 - -192 - (-3 + 0))
10
Calculate -1 + -16 + (49 - 40) + -45 + 2.
-51
Evaluate 229 - 196 - (-8 + 27).
14
(-16 - 4) + 17 + -39 + 51
9
Calculate (11 + 3 - 14) + 11 + -6 - 90.
-85
What is -94 + 96 - ((-1 - -1) + 16 + -7)?
-7
Calculate 2 - (245 + -233 + (-2 - 19)).
11
Evaluate 16 - ((360 - 348) + (-3 - (-96 + 2))).
-87
-24 + (-2 - 6) + (18 - 6)
-20
Calculate (63 - 102) + (5 - 21 - (5 + -5)).
-55
(2 - 20) + 31 - (-7 - (-9 + 6))
17
-125 + (-19 - -2 - (4 + 3 + (10 - 25)))
-134
What is -10 + (-12 - (14 + -29) - -17)?
10
Evaluate (-22 + 2 - (-58 - 1)) + -11.
28
(-905 - -907) + (-1 - 64) + (-8 - -9)
-62
What is -13 - ((140 + -89 - 64) + -91 + 0)?
91
What is the value of (-1415 - -1470) + -12 + -2?
41
Calculate 12 - (-30 + -41 + 48).
35
11 - ((-2 - -9) + (-17 - -13)) - (-11 - 0)
19
Calculate 4 + -9 - 3 - (-315 + 330).
-23
What is (2 - 7) + -8 + 5 + (-18 - (66 - 83))?
-9
Calculate (-19 + (-7 - -12) - -15) + 6 - 37.
-30
What is the value of 493 + -402 - (32 - 3)?
62
Evaluate (-25 + 27 - 1) + 37.
38
What is the value of 6 - (-42 + 37 + 12)?
-1
What is the value of 0 - (-1 + -4 - ((-9 - 28) + 44))?
12
What is (2 - -33) + (-46 - (11 + -42))?
20
Evaluate 1 + -49 - (10 - (13 + -14 + 8)) - 4.
-55
What is the value of (13 - 14) + -48 + (6 - 3)?
-46
What is (-20 - (-2 - -36)) + (10 - -5 - 6)?
-45
What is the value of (90 - 6) + -32 + 27 + -6 + -10?
63
Calculate 51 + -21 + 7 + 20 - 14.
43
Evaluate 6 - (-1 + 11 + (-128 - -49)).
75
What is 40 + 42 + 31 + -131?
-18
What is the value of 3064 - 3048 - (-59 - (6 - (3 - 0)))?
78
What is the value of (152 - 54) + -36 - 135?
-73
41 - (71 - 38) - ((-3 - 0) + (-9 - -24))
-4
What is -2 + 7 + 16 + (-218 - -186)?
-11
What is -28 + -4 + 32 + -21 + -64?
-85
Evaluate 32 + -26 + 32 + 28 + -22.
44
What is -208 + 293 + -92 + -105?
-112
What is the value of (-34 - 22) + (1 - (-8 - -1) - -6)?
-42
What is (-44 - -78 - -79) + -43?
70
What is the value of 11 - (-10 - 7) - -27?
55
Evaluate (14 + -31 - ((-13 - 1) + 4)) + (2 - 80).
-85
What is 9 + -2 + (-51 - 60 - -80)?
-24
What is the value of -16 + 115 + -137 - (1 - 3)?
-36
Evaluate (-23 - (-23 - 25)) + 18.
43
What is -73 - ((53 - 51) + -2 + -1 + 4 + -6)?
-70
Evaluate (-20 - (0 - -1) - (15 - (13 - 1))) + -11.
-35
381 + -334 + 10 + 0 + 2 + -8
51
Calculate -1 + 11 + (-13 + -3 - (-64 + 4 + 0)).
54
60 + -3 - (-983 + 1004)
36
Evaluate (6 - -1) + 19 + (45 - 29).
42
Evaluate 0 - 14 - (51 + 56 + -148 + 18).
9
Calculate 30 - (-44 + -9 + 99).
-16
Calculate (28 - -1) + 4 + 1415 + -1473.
-25
Evaluate 67 + 3 - (-670 - -681).
59
0 + 39 + (-986 - -870)
-77
What is the value of (84 - 91) + 2 + (-5 - -11 - 6)?
-5
What is the value of -5 - (-7 + 3 + -14) - (23 + -27 - -23)?
-6
Calculate 63 - (-85 + 119) - (92 - 2).
-61
What is the value of 144 + 59 + -76 + -76?
51
What is the value of 7 + 8 - (-6 + (-13 - -31) + 18)?
-15
-73 + 108 + -44 - (99 - 3)
-105
What is the value of 8 - (47 + -21) - 3 - -6?
-15
What is the value of (0 - (4 + 20)) + -1 + (41 - 29)?
-13
Calculate (3 - 20 - -6) + 6 + 16.
11
Calculate (20 + (-73 - -36) - 84) + (19 - 1).
-83
-8 - (-153 + -14 + 17 + 30)
112
What is (199 - 192) + 1 + 2 + 10 - -89?
109
What is -2 + -39 + -10 + 63?
12
-7 + 13 + -79 - (-148 - -121)
-46
Evaluate (-57 - (42 + -89)) + 49.
39
Calculate -29 + (16 + -1 + -19 - 4).
-37
What is the value of -150 + (203 - 94) + (1 - (-9 - 3))?
-28
What is the value of 1889 + -1931 + 2 + (1 - 2 - 18)?
-59
(0 - -17) + -30 + -61 + 16
-58
Calculate (-17 - -21) + 8 + -13 + 5 + 8.
12
What is (22 - 29) + (-1 - -11) + -5 + 38?
36
What is the value of (-31 + 18 + -11 - -5) + -6?
-25
What is the value of 56 - 1 - (-6 + 9) - ((-3 - -3) + 4)?
48
Evaluate -70 - (5 + (1 - -3) - (47 + -35)).
-67
1 + -44 - (201 + -224) - -6
-14
What is -117 - (75 + -119) - -55?
-18
-29 + (-2 - -1) - (3838 - 3818)
-50
Calculate (-57 - -1) + 0 + (20029 - 20032).
-59
Calculate -15041 + 15024 - (-1 - (110 - 2)).
92
Evaluate -62 + 79 + -8 + 38.
47
Evaluate -30 - (-47 - (79 - 54)).
42
-128 - (-46 + 76 - 116)
-42
-13 + 0 + -2 - (-7413 - -7379)
19
Evaluate 23 - (68 - 14) - -7 - 39.
-63
What is (24 - 24) + (-68 - 8)?
-76
36 + (-85 - 5) - -68
14
-1 + (-8 - (1 + 3 + 51)) - -6
-58
What is 289 + -285 + 21 + -8?
17
What is the value of -15 - ((-14 - (-2 - 4)) + 29 + -14)?
-22
What is the value of 247 + -190 + -247 + 67?
-123
Calculate -11 - ((-7 - (-4 + -5 - 9)) + -19 - 80).
77
Calculate 624 + -522 + (-44 - 2).
56
What is the value of -20 + -19 + 26 + 5 - 9 - -86?
69
What is the value of -20 + (9 - ((159 - 20) + 3)) + 4?
-149
Calculate (0 - (-10 - -12)) + (22 - 16 - (1 + -19)).
22
What is 5 - (-3 - (-10 + 11 - -6 - (12 + -3)))?
6
-12 + -1 - (5 + (23 - (-20 - -34)) - 84)
57
Calculate -1 - 12 - (-35 + 20 + -21 + -16 + 37).
2
Calculate -3 + (3 - 2) + 1 - 3 - (-118 + 140).